 + -7)
2
8 + -6 + -3 - (-4 - -2)
1
What is the value of 5 + -4 + 0 + 1?
2
What is the value of (-17 - -8) + 0 + 7?
-2
Evaluate (8 - -4 - 9) + -2.
1
Evaluate -2 + (0 - -9) - 4.
3
(2 - -1) + 1 + -7
-3
(-30 - -34) + 2 + -13 + 2
-5
Evaluate (-2 - 6) + 13 + 3 + 0.
8
What is -4 - (-1 + -2 + -3) - 4?
-2
Evaluate 17 + -29 + 9 - (-4 - 0).
1
What is the value of 3 - -3 - 4 - -2?
4
Calculate -8 + 17 + -7 + -3.
-1
(4 - (13 - 4)) + (2 - -1)
-2
7 + 4 + -7 - 0
4
Evaluate (5 - 3) + 0 + -3.
-1
Calculate -2 - (0 + 4 + (2 - 5)).
-3
Calculate 9 + 3 + (-4 - (-3 - -2)).
9
0 - (12 + (-10 - -5) - 2)
-5
What is the value of 0 + -3 + 9 + -10?
-4
1 + -3 + 5 - 4
-1
Calculate 10 + -7 - (4 - 4).
3
Calculate 1 + 2 + (3 - (-2 - -4)).
4
6 - (4 + (-1 - 1))
4
What is 12 + -5 + -3 + 0 - 4?
0
What is the value of 1 + (-3 - -1 - 1 - 3)?
-5
What is 3 + (1 - -4 - 3)?
5
8 + (-12 - (-6 - (-12 - -6)))
-4
What is 0 + (-9 - -5) - 0?
-4
What is the value of (-2 - 6) + 8 - -6?
6
Evaluate 7 + (-16 - -12) - (-2 - -1).
4
2 + (-2 - 6 - -3)
-3
(-4 - (-7 - -12)) + 8
-1
Evaluate (6 - (-3 - -6 - -1)) + -4.
-2
7 + -3 + (5 - 6)
3
What is (2 + -3 - -7) + 2 + -5?
3
What is 5 - 12 - (1 - 5)?
-3
What is the value of (-3 + 4 - 2) + 2 + 1?
2
What is 3 + -12 + 0 + 3?
-6
What is the value of 12 + -8 + 2 + -6?
0
Evaluate 3 + 1 + 3 + -12.
-5
What is the value of 0 + 7 + -13 + 6 + 1?
1
What is the value of -2 + (-4 - -5) - (0 + 1)?
-2
Evaluate -13 + 13 + 1 - -7.
8
Evaluate 6 + -6 + -1 + -2 + 7.
4
Calculate 6 + (-2 - (-3 - (-4 + 5))).
8
Calculate 0 + 3 + -5 - (-3 - -1).
0
What is the value of -11 - -5 - (-4 - (4 + -3))?
-1
Calculate 17 + -11 - (2 + 0).
4
Calculate -1 + (-9 - (-6 + -8)).
4
What is 2 + (-1 - 0) + -5 + 2?
-2
What is the value of 8 - (-9 + 9 - (9 - 16))?
1
Evaluate -2 - (-8 - (-7 + 7)) - 14.
-8
What is the value of 9 + (-1 - 0 - (-1 - -4))?
5
Calculate -3 + -2 + (8 - 6) + 7.
4
What is -8 + (14 - 13) + 5?
-2
Evaluate -3 + 5 + -11 - (3 + -3).
-9
Evaluate -8 - (-5 + 3 + 2 + 0).
-8
What is the value of 7 + -1 + -3 + 2?
5
What is the value of -8 - 1 - (-4 - (10 - 10))?
-5
What is the value of 6 + (2 - 4) + -4 - 2?
-2
Calculate -5 + 2 - (-15 + 14 + -8).
6
What is 3 + (-1 - 3) + -2?
-3
Evaluate -2 - (6 - (9 - -6)).
7
Calculate 5 + -3 + 4 - 0.
6
Evaluate 4 + (-5 - -1) + 2.
2
What is -10 - (3 + -3 + -3)?
-7
12 + (1 - 13) - 8
-8
Calculate (10 - 2) + (-7 - -4) + -6.
-1
Evaluate (-1 - (0 + 3 + 2)) + 2.
-4
What is the value of 1 + (-1 - (-9 + 4)) + -3?
2
Evaluate 3 + (-3 - -3) + -10 + 6.
-1
What is 3 + -9 + (-3 - -3)?
-6
10 + -16 + 0 + 7
1
-4 - (-7 + 4 + -16 + 7)
8
Calculate 0 - -8 - ((-6 - -8) + 2).
4
What is the value of (-1 - -7) + 13 + -12 + -6?
1
Evaluate 0 + -8 + 4 + -2.
-6
What is (-1 - 0) + 10 + -3 + -1?
5
What is the value of 2 - (-1 + 4 + (-7 - -11))?
-5
Calculate -3 + (0 - -4) + (-28 - -28).
1
5 - ((0 - -8) + -6)
3
What is -8 + 1 + 24 + -23?
-6
What is -28 + 26 - (-6 - (-4 - -2))?
2
Calculate 2 - ((18 - 18) + (1 - -1)).
0
What is the value of -2 + 3 - 12 - (1 - 4)?
-8
Evaluate 14 - 30 - -17 - (-1 - -3).
-1
Calculate -18 - -1 - (-109 + 95).
-3
-4 - (-4 - ((1 - 0) + 3))
4
What is the value of (3 - (9 + -3)) + 7?
4
What is the value of 0 + (-4 - -6) - -2?
4
-11 - (4 + -10 + -1)
-4
6 + -3 + (10 - 7)
6
What is (-35 - -40 - (1 - -8)) + 2?
-2
(-1 + -4 - -3) + 2
0
What is 9 + 3 + (7 - (-1 + 16))?
4
Evaluate (12 + -7 - 3) + (0 - 2).
0
What is the value of -4 - (-3 + 0 + 2)?
-3
Calculate (3 - 2) + (-5 - -6).
2
What is 4 - (-1 + (2 - 0))?
3
Calculate -14 + 1 - (-4 + (13 - 13)).
-9
What is 10 - 9 - (-1 + 5)?
-3
0 + (-5 - (2 + -7)) + 4
4
Evaluate -1 - (-2 - (-3 + 1)).
-1
What is the value of 5 + (0 - 0 - 0) - 6?
-1
Calculate -6 + -5 + 4 + -1.
-8
Evaluate 9 + -3 - (-6 - -3 - -6).
3
What is the value of -13 - (-3 - -4) - (-5 + -1)?
-8
Calculate (-5 - 10 - -27) + -1.
11
Calculate -3 - (-10 - (-13 + 7)).
1
(8 - 9) + 6 + -14
-9
Evaluate -6 + 3 + -2 - -4.
-1
7 + -1 - (6 - (-4 + -3))
-7
What is the value of -6 + -6 + 18 + -7?
-1
What is -4 + (-9 - -9) - -9?
5
What is 5 - (2 - (0 + (-5 - -3)))?
1
Evaluate -2 + (3 - (4 + -8)).
5
7 - (-1 + (7 - 6))
7
What is -1 + (0 - 0) - -3?
2
What is -3 - (-12 + (5 - (4 - 3)))?
5
What is the value of (-5 - -9) + 5 - 6?
3
Evaluate 1 + 2 - 1 - 0.
2
Calculate -2 - (-2 + (-3 - (0 + -1))).
2
Evaluate -7 - (-7 - (-3 - (-4 + 7))).
-6
What is (2 - (-3 - -5) - -3) + 1?
4
What is (-99 - -99) + (1 - (1 - 1))?
1
-8 + 5 - (2 - 2)
-3
Evaluate -4 + 1 - (3 - (-9 - -14)).
-1
Calculate (-13 + 13 - (4 - 1)) + 0.
-3
Evaluate -16 + 14 - (1 + -4) - 2.
-1
15 - 8 - (2 - -2)
3
What is the value of (19 - 6) + -5 + -6?
2
Evaluate -1 - -6 - (-4 - (-2 + -2)).
5
(1 - -3) + (-5 - -4)
3
Calculate -7 + (5 - (0 + 4)).
-6
Evaluate 2 + (-3 - 0 - 0 - 5).
-6
What is -8 - 0 - (9 - 10)?
-7
Evaluate 4 + (-5 - -7) - 4.
2
Evaluate -8 + 10 + -8 + 3 - -2.
-1
What is the value of (-20 - (3 + -6)) + 11?
-6
16 - (9 - -2 - 2)
7
What is 5 + (6 + -16 - -3)?
-2
Evaluate -7 + 3 + 10 - 5.
1
Evaluate 19 + -6 - (0 + 9).
4
What is the value of -11 + 15 + (1 - 8) + 8?
5
What is the value of 6 - (2 - -3 - (33 - 28))?
6
Calculate -2 - (-1 - ((5 - 3) + -5)).
-4
Calculate 11 - (-4 + (-2 - -11)) - 1.
5
What is the value of 3 + -3 + 5 + (14 - 22)?
-3
Evaluate -14 - -2 - (-49 - -47).
-10
Evaluate -10 - (0 + 0 - 6).
-4
Calculate (-6 - (15 + -18)) + (-1 - 4).
-8
What is (-14 - (20 - 24)) + (6 - 1)?
-5
Calculate 10 + 2 + -5 + -2.
5
Evaluate (2 + -2 - (38 - 46)) + -17.
-9
9 + (-15 - 2) - -4
-4
Calculate -12 + 4 - (-5 + 0) - -1.
-2
3 + -6 + 3 + -6 + 4
-2
What is -10 + 11 + (2 - -2)?
5
Evaluate -5 - (-18 + 2 + 6 + 3).
2
What is the value of -7 + 1 + (9 - 2) - 2?
-1
(0 + 2 - 1) + -3 - -5
3
-8 - -20 - 8 - -4
8
Evaluate 0 + (-1 - -1) + (-4 - -2).
-2
Calculate 0 + -2 - (9 + -1 + -6).
-4
Evaluate 9 + -3 + 2 + (-20 - -18).
6
(4 - 0) + 4 + (2 - 5)
5
Evaluate 5 - 10 - -5 - 0.
0
What is -1 + 8 - (-7 - (-19 + 13))?
8
Calculate (-10 + 3 - -4) + -4.
-7
Calculate -4 + (-4 - -9) + 2 + -2.
1
What is 3 - ((6 - 0 - 2) + 0)?
-1
3 - (3 + -3 + 4) - 0
-1
Calculate -2 - (-42 + 49 + (1 - 14)).
4
What is 1 + -2 + -3 - (1 - 0)?
-5
0 + 1 + -3 - 3
-5
Evaluate -5 + 10 + 0 + -8 - -8.
5
Evaluate 5 + -4 + -3 + 2.
0
2 + (5 - (-2 + 12))
-3
Evaluate -7 + 4 - 2 - -8.
3
(-4 - -2 - 3) + 1 + 1
-3
What is the value of 1 + -3 + (20 - (13 + -2))?
7
What is -3 - (0 + -3 + -6 - -1)?
5
-8 - (-12 + 9 - (1 - 1))
-5
Calculate -6 + -8 + 19 + 2 + -9.
-2
Calculate 26 - 30 - (-2 + 0 + 1).
-3
Calculate -3 - (-13 - (7 + -10)).
7
What is the value of 1 - 4 - (-79 + 74)?
2
-3 - -1 - (-9 + 9 + -2)
0
(-2 - -1) + -1 + -8 + 9
-1
Calculate 6 + -12 + 4 + -2.
-4
3 + (0 + 4 - 4 - 4)
-1
Evaluate 17 - (-15 + 29 - 8).
11
-14 + (-9 - -14) + 0
-9
What is 4 - (0 + 1 - 1)?
4
Calculate (5 - (18 + 7)) + 11.
-9
Calculate -1 + 0 + -2 + 11 + -9.
-1
What is 3 - -1 - (-10 + (14 - 6))?
6
Evaluate 6 + (4 + -18 - -3).
-5
Calculate (13 - -6) + -6 - 15.
-2
What is 22 - 13 - (-11 - -25)?
-5
-15 + 9 + 22 + -6
10
What is the value of (-3 - 0) + 1 - (-34 - -27)?
5
-9 - -1 - -6 - (0 - -1)
-3
Calculate -11 - -4 - (-1 - (5 - 4)).
-5
What is 1 + 1 + -12 + 14 + -3?
1
What is the value of (-1 - (2 - (-6 - -3))) + 4?
-2
Evaluate 8 - (0 + 13) - (1 - 7).
1
3 + (-2 - (3 + -3))
1
Calculate (0 - -4 - 4) + 3.
3
What is (-2 - 3 - -2) + 1 - -3?
1
What is -8 + 8 + 0 + (-7 - -2)?
-5
Calculate -6 - (-7 + -14 + 7).
8
0 + (2 - 1) + (13 - 15)
-1
What is the value of 0 + 6 + -8 + 7?
5
-3 + 6 + (3 - 7) + 2
1
Evaluate -1 + 2 + 3 + -9 + 5.
0
What is the value of -1 + 5 - (3 + 0)?
1
Calculate 3 + (-6 - 3) + 4.
-2
Calculate 0 - (0 + 0) - (257 - 258).
1
What is the value of -3 - 3 - (1 - 4)?
-3
Calculate 0 + -5 + -10 + 20.
5
What is the value of -2 + (2 - (0 - -4))?
-4
Calculate -4 - -3 - -5 - 6 - 0.
-2
(6 + -23 - -11) + (1 - -3)
-2
Calculate ((-2 - -3) + -4 - 0) + 8.
5
What is the value of 1 + -1 + -3 + 3 + -2?
-2
What is -4 - (-8 - (4 - 0) - -3)?
5
Calculate -10 - (-5 - 0) - -5.
0
What is (-12 - -9 - (0 + -3)) + 2?
2
What is 2 + -9 - -4 - -4?
1
2 + -1 - (-25 - -21)
5
-44 - -47 - (1 + 3)
-1
-6 + (1 - -2) + 4
1
What is 0 + 6 - 0 - (-15 + 18)?
3
What is the value of -11 + (12 - 5) + 7?
3
Calculate (0 - (-2 - -1)) + -3.
-2
Evaluate 2 - (57 + -63 - (1 - 4)).
5
-1 + (4 - (13 + -4))
-6
What is 4 + -1 + (-7 - 2) + 7?
1
What is the value of 3 + (1 - -1) + -3 + 2?
4
(-1 